e remainder when 17140436 is divided by 2889?
2888
What is the remainder when 130181 is divided by 64326?
1529
What is the remainder when 97573 is divided by 231?
91
What is the remainder when 3066581 is divided by 43?
36
What is the remainder when 243885 is divided by 777?
684
What is the remainder when 239486 is divided by 78460?
4106
What is the remainder when 675151 is divided by 1230?
1111
Calculate the remainder when 40916014 is divided by 48.
46
Calculate the remainder when 2085491 is divided by 446.
441
What is the remainder when 177172 is divided by 35391?
217
What is the remainder when 599545 is divided by 119351?
2790
What is the remainder when 181160388 is divided by 145?
143
Calculate the remainder when 735434 is divided by 3239.
181
Calculate the remainder when 41517079 is divided by 348.
331
What is the remainder when 1058322 is divided by 1289?
53
Calculate the remainder when 5262189 is divided by 18335.
44
Calculate the remainder when 3259615 is divided by 232829.
9
What is the remainder when 719949 is divided by 10432?
141
Calculate the remainder when 812997 is divided by 60.
57
Calculate the remainder when 1508782 is divided by 8544.
5038
Calculate the remainder when 14670 is divided by 6939.
792
Calculate the remainder when 14420 is divided by 2384.
116
What is the remainder when 37391148 is divided by 1070?
1068
What is the remainder when 1321953 is divided by 213?
75
What is the remainder when 15588312 is divided by 43?
38
What is the remainder when 731073 is divided by 1046?
965
Calculate the remainder when 778580 is divided by 674.
110
Calculate the remainder when 661958 is divided by 340.
318
Calculate the remainder when 1622106 is divided by 811052.
2
What is the remainder when 1932792 is divided by 2644?
28
Calculate the remainder when 8976384 is divided by 2174.
2112
What is the remainder when 1485076 is divided by 74253?
16
Calculate the remainder when 3121459 is divided by 14.
5
Calculate the remainder when 27987 is divided by 656.
435
Calculate the remainder when 2817106 is divided by 2866.
2694
What is the remainder when 13713159 is divided by 1413?
1407
What is the remainder when 7318718 is divided by 16?
14
What is the remainder when 2509971 is divided by 836655?
6
Calculate the remainder when 151490 is divided by 725.
690
What is the remainder when 44653219 is divided by 4088?
4083
What is the remainder when 4003861 is divided by 65?
56
Calculate the remainder when 503034253 is divided by 11896.
11893
What is the remainder when 2514164728 is divided by 5214?
5212
What is the remainder when 8689962 is divided by 444?
438
Calculate the remainder when 1017122 is divided by 3273.
2492
What is the remainder when 43500 is divided by 5383?
436
What is the remainder when 1016051 is divided by 5213?
4729
Calculate the remainder when 25817957 is divided by 48.
5
What is the remainder when 177436151 is divided by 24?
23
What is the remainder when 10956353 is divided by 13?
5
Calculate the remainder when 616669 is divided by 205464.
277
Calculate the remainder when 3299458 is divided by 433.
431
Calculate the remainder when 34890 is divided by 11620.
30
Calculate the remainder when 12147 is divided by 11909.
238
Calculate the remainder when 159536 is divided by 51011.
6503
What is the remainder when 45144272 is divided by 11?
8
Calculate the remainder when 12561152 is divided by 76128.
32
Calculate the remainder when 478396 is divided by 59592.
1660
What is the remainder when 1631986 is divided by 25?
11
Calculate the remainder when 57295 is divided by 53927.
3368
What is the remainder when 11276 is divided by 287?
83
What is the remainder when 14056782 is divided by 400?
382
Calculate the remainder when 210805 is divided by 41209.
4760
What is the remainder when 45985317 is divided by 811?
806
Calculate the remainder when 55605365 is divided by 952.
949
Calculate the remainder when 312044 is divided by 5900.
5244
What is the remainder when 6864527 is divided by 17?
12
Calculate the remainder when 1405903 is divided by 1405838.
65
What is the remainder when 169600 is divided by 635?
55
What is the remainder when 7843583 is divided by 3115?
13
What is the remainder when 6882427 is divided by 996?
67
Calculate the remainder when 19518837 is divided by 440.
437
Calculate the remainder when 4602934 is divided by 156.
154
What is the remainder when 47517901 is divided by 19932?
13
Calculate the remainder when 11223962 is divided by 1402990.
42
What is the remainder when 2682997 is divided by 25?
22
What is the remainder when 674662 is divided by 30?
22
Calculate the remainder when 2210490 is divided by 237.
228
What is the remainder when 491561 is divided by 35109?
35
What is the remainder when 149049 is divided by 49625?
174
Calculate the remainder when 766822 is divided by 933.
829
Calculate the remainder when 385936739 is divided by 252.
251
What is the remainder when 1109923 is divided by 29997?
34
Calculate the remainder when 161233 is divided by 79283.
2667
What is the remainder when 19873047 is divided by 1352?
1351
What is the remainder when 13043563 is divided by 6521776?
11
What is the remainder when 19947258 is divided by 492?
102
What is the remainder when 555612868 is divided by 85?
83
What is the remainder when 6814192 is divided by 219?
7
Calculate the remainder when 394199512 is divided by 7771.
7766
What is the remainder when 523880 is divided by 3079?
450
What is the remainder when 1240382 is divided by 833?
45
Calculate the remainder when 20189322 is divided by 40298.
24
What is the remainder when 2826314 is divided by 22?
18
Calculate the remainder when 154690 is divided by 5331.
91
What is the remainder when 1497793240 is divided by 33?
31
What is the remainder when 570115 is divided by 570105?
10
What is the remainder when 275075 is divided by 30547?
152
What is the remainder when 2334004 is divided by 2333990?
14
Calculate the remainder when 27830395 is divided by 780.
775
What is the remainder when 10945703 is divided by 2189139?
8
Calculate the remainder when 2519158 is divided by 660.
598
Calculate the remainder when 65631631 is divided by 2170.
2151
What is the remainder when 105859 is divided by 154?
61
Calculate the remainder when 5189100 is divided by 262.
190
Calculate the remainder when 1207990 is divided by 6.
4
Calculate the remainder when 10639865 is divided by 116.
113
What is the remainder when 86288235 is divided by 2104591?
4
Calculate the remainder when 4236042 is divided by 910.
902
Calculate the remainder when 1177860 is divided by 2677.
2657
What is the remainder when 904586 is divided by 107?
8
What is the remainder when 62479 is divided by 1961?
1688
Calculate the remainder when 9177467 is divided by 514.
511
Calculate the remainder when 1063775 is divided by 713.
692
What is the remainder when 96177249 is divided by 19?
9
What is the remainder when 1898969 is divided by 20?
9
What is the remainder when 3371527 is divided by 259336?
159
What is the remainder when 803289 is divided by 9024?
153
Calculate the remainder when 17465447 is divided by 56.
55
Calculate the remainder when 2153359 is divided by 30.
19
Calculate the remainder when 417500 is divided by 102176.
8796
What is the remainder when 20129172 is divided by 7772?
7464
Calculate the remainder when 6862923 is divided by 281.
60
What is the remainder when 337487 is divided by 2814?
2621
Calculate the remainder when 228595 is divided by 32217.
3076
What is the remainder when 37871 is divided by 37835?
36
What is the remainder when 4298463 is divided by 170?
13
Calculate the remainder when 11376503 is divided by 35.
33
What is the remainder when 7594222 is divided by 3797063?
96
What is the remainder when 2767197 is divided by 2306?
2303
Calculate the remainder when 4924524 is divided by 15.
9
Calculate the remainder when 571691 is divided by 781.
780
Calculate the remainder when 1911492 is divided by 637128.
108
Calculate the remainder when 49176 is divided by 6973.
365
What is the remainder when 1351336 is divided by 6930?
6916
What is the remainder when 217008 is divided by 53761?
1964
What is the remainder when 4881659 is divided by 15953?
41
Calculate the remainder when 469584 is divided by 359.
12
What is the rema